e 4) to base 13.
58
-4 (base 13) to base 10
-4
What is 11 (base 7) in base 16?
8
Convert -212 (base 3) to base 6.
-35
What is 231 (base 7) in base 11?
aa
What is -1b4 (base 12) in base 15?
-13a
What is 1010111 (base 2) in base 11?
7a
Convert 0 (base 2) to base 13.
0
What is -2 (base 11) in base 14?
-2
Convert 1b9 (base 12) to base 5.
2120
-18 (base 13) to base 6
-33
Convert -146 (base 10) to base 6.
-402
What is -4 (base 16) in base 7?
-4
-b (base 13) to base 3
-102
-12 (base 4) to base 5
-11
Convert 4 (base 15) to base 12.
4
ab (base 16) to base 12
123
What is 3 (base 5) in base 14?
3
-4a (base 16) to base 11
-68
What is -312 (base 5) in base 8?
-122
-162 (base 10) to base 6
-430
27 (base 11) to base 14
21
What is 2 (base 11) in base 8?
2
What is 0 (base 15) in base 14?
0
2 (base 3) to base 4
2
What is 11 (base 5) in base 2?
110
-b (base 14) to base 10
-11
What is -3e (base 15) in base 11?
-54
Convert -2 (base 14) to base 11.
-2
-101 (base 5) to base 6
-42
24 (base 9) to base 11
20
230 (base 10) to base 9
275
What is 21 (base 4) in base 12?
9
Convert 0 (base 11) to base 14.
0
4 (base 6) to base 16
4
What is -e3 (base 16) in base 6?
-1015
What is d3 (base 15) in base 7?
402
3 (base 5) to base 10
3
What is -4 (base 5) in base 15?
-4
3 (base 5) to base 7
3
0 (base 4) to base 3
0
-e (base 15) to base 4
-32
What is -211 (base 6) in base 10?
-79
What is 165 (base 9) in base 10?
140
Convert 92 (base 14) to base 6.
332
What is 10212 (base 3) in base 9?
125
What is 6 (base 11) in base 6?
10
Convert 6 (base 15) to base 5.
11
Convert 2 (base 16) to base 8.
2
What is -a (base 15) in base 7?
-13
Convert -1 (base 9) to base 6.
-1
-2 (base 11) to base 7
-2
Convert 2 (base 4) to base 5.
2
-3 (base 11) to base 6
-3
Convert 1 (base 5) to base 6.
1
-10 (base 7) to base 6
-11
Convert -c (base 14) to base 7.
-15
What is -27 (base 12) in base 10?
-31
What is 21 (base 6) in base 4?
31
10 (base 6) to base 5
11
What is -1 (base 10) in base 6?
-1
What is -2 (base 9) in base 14?
-2
What is -1220 (base 5) in base 3?
-20212
Convert 1220 (base 5) to base 16.
b9
Convert -2 (base 11) to base 5.
-2
Convert 84 (base 12) to base 13.
79
Convert 33 (base 12) to base 14.
2b
-10 (base 3) to base 4
-3
Convert -b0 (base 15) to base 16.
-a5
Convert 247 (base 8) to base 11.
142
-20 (base 3) to base 5
-11
9a (base 14) to base 3
12001
-1121 (base 4) to base 8
-131
Convert -14 (base 14) to base 15.
-13
24 (base 6) to base 8
20
-14 (base 9) to base 11
-12
222 (base 3) to base 6
42
What is -71 (base 11) in base 9?
-86
What is d (base 14) in base 2?
1101
9 (base 16) to base 12
9
What is -b (base 15) in base 12?
-b
What is -1 (base 3) in base 11?
-1
What is -10 (base 5) in base 14?
-5
1a (base 13) to base 9
25
Convert -21 (base 6) to base 7.
-16
1a (base 11) to base 5
41
What is 111011 (base 2) in base 3?
2012
4 (base 8) to base 4
10
Convert b (base 16) to base 4.
23
What is 1 (base 6) in base 15?
1
Convert -3 (base 7) to base 3.
-10
Convert 2 (base 9) to base 5.
2
-111 (base 2) to base 13
-7
-23 (base 6) to base 2
-1111
Convert -424 (base 5) to base 16.
-72
13 (base 11) to base 13
11
Convert 0 (base 11) to base 16.
0
What is -84 (base 14) in base 7?
-224
Convert 62 (base 7) to base 12.
38
Convert 3 (base 12) to base 10.
3
-5 (base 13) to base 2
-101
Convert 85 (base 11) to base 14.
69
20 (base 4) to base 2
1000
-15 (base 7) to base 3
-110
What is 4 (base 8) in base 12?
4
54 (base 11) to base 10
59
What is 8 (base 10) in base 11?
8
Convert 20 (base 3) to base 11.
6
What is -11 (base 7) in base 14?
-8
-11 (base 2) to base 4
-3
Convert -7 (base 12) to base 8.
-7
-9 (base 11) to base 5
-14
What is 12 (base 11) in base 15?
d
What is -6 (base 16) in base 10?
-6
What is 3 (base 4) in base 5?
3
What is -5 (base 15) in base 3?
-12
What is 4 (base 8) in base 3?
11
What is 17b (base 13) in base 8?
417
What is 6 (base 13) in base 12?
6
-1011 (base 2) to base 4
-23
What is 1 (base 10) in base 14?
1
What is -3 (base 15) in base 12?
-3
What is 49 (base 12) in base 4?
321
-6 (base 13) to base 4
-12
-1101 (base 2) to base 15
-d
Convert -69 (base 10) to base 9.
-76
41 (base 6) to base 11
23
-4 (base 5) to base 8
-4
8 (base 16) to base 6
12
Convert -1010010 (base 2) to base 5.
-312
Convert 13 (base 4) to base 9.
7
What is 94 (base 13) in base 15?
81
What is 3 (base 14) in base 11?
3
Convert -10 (base 3) to base 12.
-3
Convert 12 (base 13) to base 16.
f
-10 (base 5) to base 4
-11
What is 23 (base 12) in base 5?
102
-1223 (base 4) to base 12
-8b
Convert -f (base 16) to base 3.
-120
-4 (base 16) to base 5
-4
Convert -3 (base 7) to base 12.
-3
What is 12 (base 8) in base 6?
14
-12 (base 16) to base 5
-33
Convert 13 (base 13) to base 15.
11
Convert 29 (base 13) to base 7.
50
Convert -30 (base 7) to base 5.
-41
Convert 81 (base 15) to base 10.
121
What is -1 (base 14) in base 6?
-1
What is 5 (base 9) in base 7?
5
What is 12 (base 8) in base 13?
a
-12 (base 9) to base 13
-b
Convert -31 (base 4) to base 10.
-13
1 (base 13) to base 3
1
535 (base 8) to base 12
251
132 (base 4) to base 16
1e
13 (base 15) to base 7
24
Convert -52 (base 14) to base 8.
-110
Convert 9 (base 13) to base 6.
13
What is -220 (base 6) in base 2?
-1010100
What is -19 (base 16) in base 10?
-25
-14 (base 10) to base 6
-22
What is -15 (base 8) in base 6?
-21
Convert -2034 (base 5) to base 10.
-269
-2a (base 15) to base 10
-40
16 (base 11) to base 2
10001
What is 0 (base 11) in base 13?
0
Convert -102 (base 8) to base 12.
-56
Convert -3 (base 11) to base 6.
-3
Convert 5 (base 13) to base 5.
10
-d2 (base 14) to base 3
-20211
Convert -25 (base 13) to base 2.
-11111
Convert 64 (base 15) to base 6.
234
What is 14 (base 9) in base 16?
d
Convert 3 (base 5) to base 3.
10
What is 11 (base 12) in base 11?
12
What is -32 (base 10) in base 15?
-22
a (base 14) to base 12
a
11 (base 13) to base 15
e
-431 (base 5) to base 15
-7b
Convert -1011001 (base 2) to base 15.
-5e
Convert -1 (base 10) to base 12.
-1
Convert -8 (base 11) to base 2.
-1000
What is -88 (base 10) in base 14?
-64
3 (base 12) to base 2
11
217 (base 11) to base 3
100122
0 (base 4) to base 2
0
-a (base 13) to base 16
-a
What is -3 (base 10) in base 4?
-3
Convert 4 (base 11) to base 10.
4
Convert -1 (base 15) to base 7.
-1
What is 2200 (base 3) in base 10?
72
8 (base 15) to base 9
8
-42 (base 16) to base 3
-2110
-151 (base 7) to base 4
-1111
Convert -5 (base 7) to base 10.
-5
Convert -3 (base 6) to base 14.
-3
Convert 21 (base 7) to base 3.
120
What is -24 (base 5) in base 10?
-14
2 (base 6) to base 9
2
-11011 (base 2) to base 14
-1d
Convert 0 (base 14) to base 13.
0
Convert 0 (base 12) to base 14.
0
-100 (base 6) to base 7
-51
Convert 100 (base 2) to base 3.
11
11011 (base 2) to base 15
1c
Convert -1111 (base 3) to base 7.
-55
What is -3 (base 5) in base 11?
-3
-7 (base 13) to base 4
-13
What is 1 (base 12) in base 14?
1
Convert -8 (base 11) to base 4.
-20
Convert 189 (base 10) to base 3.
21000
Convert -48 (base 12) to base 10.
-56
-2 (base 3) to base 2
-10
What is 2c (base 14) in base 3?
1111
-6 (base 7) to base 2
-110
What is 3 (base 10) in base 16?
3
22 (base 11) to base 12
20
What is -23 (base 5) in base 7?
-16
1001 (base 2) to base 11
9
What is -203 (base 5) in base 9?
-58
What is 1101 (base 2) in base 12?
11
What is -2 (base 3) in base 9?
-2
Convert 3 (base 11) to base 6.
3
-5 (base 13) to base 3
-12
What is 226 (base 7) in base 14?
86
Convert -1 (base 15) to base 12.
-1
-4 (base 12) to base 3
-11
23 (base 7) to base 14
13
Convert 3 (base 6) to base 12.
3
What is -353 (base 7) in base 16?
-b9
What is 2030 (base 4) in base 15?
95
175 (base 8) to base 12
a5
What is -11 (base 11) in base 12?
-10
Convert -1 (base 6) to base 5.
-1
-101 (base 2) to base 4
-11
Convert -1010001 (base 2) to base 14.
-5b
0 (base 16) to base 8
0
What is 33 (base 12) in base 16?
27
Convert -247 (base 9) to base 2.
-11001101
Convert 3 (base 12) to base 5.
3
Convert -25 (base 15) to base 3.
-1022
Convert -102 (base 3) to base 5.
-21
Convert 13 (base 15) to base 6.
30
What is 38 (base 12) in base 16?
2c
What is 1b (base 14) in base 12?
21
84 (base 15) to base 12
a4
88 (base 10) to base 3
10021
2 (base 4) to base 11
2
Convert 5 (base 13) to base 3.
12
What is 2 (base 14) in base 3?
2
3 (base 10) to base 6
3
What is -3 (ba